{"href":"http://player.captivate.fm/services/oembed?url=http%3A%2F%2Fplayer.captivate.fm%2Fepisode%2F06a99d93-4e44-40de-a4c3-a50938e3300a","version":"1.0","provider_name":"Captivate.FM","provider_url":"https://www.captivate.fm","width":600,"height":200,"type":"rich","html":"<iframe style=\"width: 100%; height: 200px;\" title=\"#03 - V+M+ADG = A identidade da Bienal\" frameborder=\"0\" scrolling=\"no\" allow=\"clipboard-write\" seamless src=\"http://player.captivate.fm/episode/06a99d93-4e44-40de-a4c3-a50938e3300a\"></iframe>","title":"#03 - V+M+ADG = A identidade da Bienal","description":"Ol\u00e1 pessoal, no segundo epis\u00f3dio da s\u00e9rie especial sobre a Bienal Brasileira de Design Gr\u00e1fico conversamos sobre os caminhos que foram percorridos at\u00e9 se chegar a identidade visual da 13\u00aa Bienal. Dessa vez eu (Ancara) conversei com Dandara Almeida e os designers que fizeram a identidade Maikon Nery e Pablo Blanco.\n\nD\u00favidas? S\u00f3 mandar um al\u00f4 pro pessoal no somos@adg.org.br","thumbnail_width":300,"thumbnail_height":300,"thumbnail_url":"https://artwork.captivate.fm/44f7461b-ded0-4aa0-bf7b-cf5191518100/artworks-000580133993-ax7u5o-t3000x3000.jpg"}

Olá pessoal, no segundo episódio da série especial sobre a Bienal Brasileira de Design Gráfico conversamos sobre os caminhos que foram percorridos até se chegar a identidade visual da 13ª Bienal. Dessa vez eu (Ancara) conversei com Dandara Almeida e os designers que fizeram a identidade Maikon Nery e Pablo Blanco.

Dúvidas? Só mandar um alô pro pessoal no somos@adg.org.br
