{"href":"http://player.captivate.fm/services/oembed?url=http%3A%2F%2Fplayer.captivate.fm%2Fepisode%2F1838cd03-715c-4f94-b670-880a2908235e","version":"1.0","provider_name":"Captivate.FM","provider_url":"https://www.captivate.fm","width":600,"height":200,"type":"rich","html":"<iframe style=\"width: 100%; height: 200px;\" title=\"Do Ego \u00e0 Flor de L\u00f3tus: Uma Jornada de Autoconsci\u00eancia e Transforma\u00e7\u00e3o Espiritual - FALANDO DE GENTE FALANDO DA GENTE #043\" frameborder=\"0\" scrolling=\"no\" allow=\"clipboard-write\" seamless src=\"http://player.captivate.fm/episode/1838cd03-715c-4f94-b670-880a2908235e\"></iframe>","title":"Do Ego \u00e0 Flor de L\u00f3tus: Uma Jornada de Autoconsci\u00eancia e Transforma\u00e7\u00e3o Espiritual - FALANDO DE GENTE FALANDO DA GENTE #043","description":"Neste epis\u00f3dio do podcast \"FALANDO DE GENTE FALANDO DA GENTE\", Mayra Soares fala sobre \"Do Ego \u00e0 Flor de L\u00f3tus: Uma Jornada de Autoconsci\u00eancia e Transforma\u00e7\u00e3o Espiritual\". O podcast foi ao ar pela R\u00e1dio Cloud Coaching.","thumbnail_width":300,"thumbnail_height":300,"thumbnail_url":"https://artwork.captivate.fm/823fccc1-4aa5-4e19-8aed-55a5eb2ad72c/Yv0sCr6G-fBPIQgiaNFynLWP.jpg"}

<iframe style="width: 100%; height: 200px;" title="Do Ego à Flor de Lótus: Uma Jornada de Autoconsciência e Transformação Espiritual - FALANDO DE GENTE FALANDO DA GENTE #043" frameborder="0" scrolling="no" allow="clipboard-write" seamless src="http://player.captivate.fm/episode/1838cd03-715c-4f94-b670-880a2908235e"></iframe>

Do Ego à Flor de Lótus: Uma Jornada de Autoconsciência e Transformação Espiritual - FALANDO DE GENTE FALANDO DA GENTE #043

Neste episódio do podcast "FALANDO DE GENTE FALANDO DA GENTE", Mayra Soares fala sobre "Do Ego à Flor de Lótus: Uma Jornada de Autoconsciência e Transformação Espiritual". O podcast foi ao ar pela Rádio Cloud Coaching.
