{"href":"http://player.captivate.fm/services/oembed?url=http%3A%2F%2Fplayer.captivate.fm%2Fepisode%2F4c45e6f7-f528-47a0-a13b-31ef5c089069","version":"1.0","provider_name":"Captivate.FM","provider_url":"https://www.captivate.fm","width":600,"height":200,"type":"rich","html":"<iframe style=\"width: 100%; height: 200px;\" title=\"O Poder da Intui\u00e7\u00e3o e Intelecto: Equilibrando intui\u00e7\u00e3o, raz\u00e3o e emo\u00e7\u00e3o para uma vida mais harmoniosa - FALANDO DE GENTE FALANDO DA GENTE #024\" frameborder=\"0\" scrolling=\"no\" allow=\"clipboard-write\" seamless src=\"http://player.captivate.fm/episode/4c45e6f7-f528-47a0-a13b-31ef5c089069\"></iframe>","title":"O Poder da Intui\u00e7\u00e3o e Intelecto: Equilibrando intui\u00e7\u00e3o, raz\u00e3o e emo\u00e7\u00e3o para uma vida mais harmoniosa - FALANDO DE GENTE FALANDO DA GENTE #024","description":"Neste epis\u00f3dio do podcast \"FALANDO DE GENTE FALANDO DA GENTE\", Mayra Soares fala sobre \"O Poder da Intui\u00e7\u00e3o e Intelecto: Equilibrando intui\u00e7\u00e3o, raz\u00e3o e emo\u00e7\u00e3o para uma vida mais harmoniosa \". O podcast foi ao ar pela R\u00e1dio Cloud Coaching.","thumbnail_width":300,"thumbnail_height":300,"thumbnail_url":"https://artwork.captivate.fm/82292b2e-d47a-4afc-9a72-8d2457137c1a/HzRgu0qer4dXKlecjgyiyN1G.jpg"}

<iframe style="width: 100%; height: 200px;" title="O Poder da Intuição e Intelecto: Equilibrando intuição, razão e emoção para uma vida mais harmoniosa - FALANDO DE GENTE FALANDO DA GENTE #024" frameborder="0" scrolling="no" allow="clipboard-write" seamless src="http://player.captivate.fm/episode/4c45e6f7-f528-47a0-a13b-31ef5c089069"></iframe>

O Poder da Intuição e Intelecto: Equilibrando intuição, razão e emoção para uma vida mais harmoniosa - FALANDO DE GENTE FALANDO DA GENTE #024

Neste episódio do podcast "FALANDO DE GENTE FALANDO DA GENTE", Mayra Soares fala sobre "O Poder da Intuição e Intelecto: Equilibrando intuição, razão e emoção para uma vida mais harmoniosa ". O podcast foi ao ar pela Rádio Cloud Coaching.
