{"href":"http://player.captivate.fm/services/oembed?url=http%3A%2F%2Fplayer.captivate.fm%2Fepisode%2F7000ad2b-9775-4d7d-a4a5-ac4b3a8a54e0","version":"1.0","provider_name":"Captivate.FM","provider_url":"https://www.captivate.fm","width":600,"height":200,"type":"rich","html":"<iframe style=\"width: 100%; height: 200px;\" title=\"A Comunica\u00e7\u00e3o dos Jovens no In\u00edcio da Carreira Profissional (Participa\u00e7\u00e3o: Renata Maran) - COMUNICA\u00c7\u00c3O EXECUTIVA #126\" frameborder=\"0\" scrolling=\"no\" allow=\"clipboard-write\" seamless src=\"http://player.captivate.fm/episode/7000ad2b-9775-4d7d-a4a5-ac4b3a8a54e0\"></iframe>","title":"A Comunica\u00e7\u00e3o dos Jovens no In\u00edcio da Carreira Profissional (Participa\u00e7\u00e3o: Renata Maran) - COMUNICA\u00c7\u00c3O EXECUTIVA #126","description":"Neste epis\u00f3dio do podcast \"COMUNICA\u00c7\u00c3O EXECUTIVA\", Reinaldo Passadori fala sobre \"A Comunica\u00e7\u00e3o dos Jovens no In\u00edcio da Carreira Profissional (Participa\u00e7\u00e3o: Renata Maran)\". O podcast foi ao ar pela R\u00e1dio Cloud Coaching.","thumbnail_width":300,"thumbnail_height":300,"thumbnail_url":"https://s3.sa-east-1.amazonaws.com/radio.cloudcoaching.com.br/capas-podcasts/podcast-reinaldo-passadori-e022022e-ace5-477f-8ed1-5b636c5e29bf-126.jpg"}

<iframe style="width: 100%; height: 200px;" title="A Comunicação dos Jovens no Início da Carreira Profissional (Participação: Renata Maran) - COMUNICAÇÃO EXECUTIVA #126" frameborder="0" scrolling="no" allow="clipboard-write" seamless src="http://player.captivate.fm/episode/7000ad2b-9775-4d7d-a4a5-ac4b3a8a54e0"></iframe>

A Comunicação dos Jovens no Início da Carreira Profissional (Participação: Renata Maran) - COMUNICAÇÃO EXECUTIVA #126

Neste episódio do podcast "COMUNICAÇÃO EXECUTIVA", Reinaldo Passadori fala sobre "A Comunicação dos Jovens no Início da Carreira Profissional (Participação: Renata Maran)". O podcast foi ao ar pela Rádio Cloud Coaching.
