{"href":"http://player.captivate.fm/services/oembed?url=http%3A%2F%2Fplayer.captivate.fm%2Fepisode%2F75e7b7bd-fd95-48d2-8a7f-d363f46243b1","version":"1.0","provider_name":"Captivate.FM","provider_url":"https://www.captivate.fm","width":600,"height":200,"type":"rich","html":"<iframe style=\"width: 100%; height: 200px;\" title=\"V+M #119 Visual+URGENTE: Design Ativismo\" frameborder=\"0\" scrolling=\"no\" allow=\"clipboard-write\" seamless src=\"http://player.captivate.fm/episode/75e7b7bd-fd95-48d2-8a7f-d363f46243b1\"></iframe>","title":"V+M #119 Visual+URGENTE: Design Ativismo","description":"Topa conversar sobre como o design pode transformar o mundo? Gravamos esse Visual+URGENTE para divulgar o imperd\u00edvel Encontro de Design Ativista que acontecer\u00e1 no Rio de Janeiro, na ECO-UFRJ, dia 15/05 as 19h30. Quem puder comparecer ser\u00e1 bem vindo. \n\nN\u00e3o se esque\u00e7a de compartilhar e dar um like ou rating nas plataformas onde divulgamos o Visual+mente, assim voc\u00ea nos ajuda a alcan\u00e7ar um p\u00fablico maior!","thumbnail_width":300,"thumbnail_height":300,"thumbnail_url":"https://artwork.captivate.fm/9a8b507f-361a-4503-b1d1-073d309f9b92/artworks-000528655218-s0g57j-t3000x3000.jpg"}

Topa conversar sobre como o design pode transformar o mundo? Gravamos esse Visual+URGENTE para divulgar o imperdível Encontro de Design Ativista que acontecerá no Rio de Janeiro, na ECO-UFRJ, dia 15/05 as 19h30. Quem puder comparecer será bem vindo. 

Não se esqueça de compartilhar e dar um like ou rating nas plataformas onde divulgamos o Visual+mente, assim você nos ajuda a alcançar um público maior!
