{"href":"http://player.captivate.fm/services/oembed?url=http%3A%2F%2Fplayer.captivate.fm%2Fepisode%2F8917bafb-4223-4e00-b517-eef39dc31e58","version":"1.0","provider_name":"Captivate.FM","provider_url":"https://www.captivate.fm","width":600,"height":200,"type":"rich","html":"<iframe style=\"width: 100%; height: 200px;\" title=\"Mehr Fachkr\u00e4fte, st\u00e4rkere Betriebe: Inklusion ist kein Extra! - mit AUTARK-Gesch\u00e4ftsf\u00fchrer Andreas Jesse\" frameborder=\"0\" scrolling=\"no\" allow=\"clipboard-write\" seamless src=\"http://player.captivate.fm/episode/8917bafb-4223-4e00-b517-eef39dc31e58\"></iframe>","title":"Mehr Fachkr\u00e4fte, st\u00e4rkere Betriebe: Inklusion ist kein Extra! - mit AUTARK-Gesch\u00e4ftsf\u00fchrer Andreas Jesse","description":null,"thumbnail_width":300,"thumbnail_height":300,"thumbnail_url":"https://artwork.captivate.fm/4e12621f-85f5-48ae-98da-7f1a5be863a7/68-Mehr-Fachkr-fte-st-rkere-Betriebe-Inklusion-ist-kein-Extra-E.jpg"}

<iframe style="width: 100%; height: 200px;" title="Mehr Fachkräfte, stärkere Betriebe: Inklusion ist kein Extra! - mit AUTARK-Geschäftsführer Andreas Jesse" frameborder="0" scrolling="no" allow="clipboard-write" seamless src="http://player.captivate.fm/episode/8917bafb-4223-4e00-b517-eef39dc31e58"></iframe>

Mehr Fachkräfte, stärkere Betriebe: Inklusion ist kein Extra! - mit AUTARK-Geschäftsführer Andreas Jesse
