{"href":"http://player.captivate.fm/services/oembed?url=http%3A%2F%2Fplayer.captivate.fm%2Fepisode%2Ffd70e280-4c88-49b5-b91b-d320dd7ca98d","version":"1.0","provider_name":"Captivate.FM","provider_url":"https://www.captivate.fm","width":600,"height":200,"type":"rich","html":"<iframe style=\"width: 100%; height: 200px;\" title=\"Das haben Mercedes & Co bei ihrer CASE-Strategie u\u0308bersehen\" frameborder=\"0\" scrolling=\"no\" allow=\"clipboard-write\" seamless src=\"http://player.captivate.fm/episode/fd70e280-4c88-49b5-b91b-d320dd7ca98d\"></iframe>","title":"Das haben Mercedes & Co bei ihrer CASE-Strategie u\u0308bersehen","description":"<p><strong>Was wurde aus CASE? Die Transformation verl\u00e4uft anders als gedacht</strong></p>\n<p>Nach acht Jahren zieht eine neue Studie Bilanz zur Connected, Autonomous, Shared, Electric Strategie. Erfahre, wie sich die vier Trends entwickelt haben und warum regionale Unterschiede die gr\u00f6\u00dfte Herausforderung f\u00fcr Autobauer sind.</p>\n<p>\n\ud83d\udce7 E-Mail Newsletter abonnieren: <a href=\"https://www.autopreneur.de/subscribe\" rel=\"ugc noopener noreferrer\" target=\"_blank\">\u2060\u2060\u2060\u2060\u2060autopreneur.de/subscribe\u2060\u2060\u2060\u2060</a></p>\n<p><br /></p>\n<p>\u2b06\ufe0f Mehr zu <a href=\"https://site.autopreneur.de/pro2/\" rel=\"ugc noopener noreferrer\" target=\"_blank\">\u2060\u2060\u2060\u2060Der Autopreneur Pro\u2060\u2060\u2060\u2060</a></p>\n<p><br /></p>\n<p>\ud83d\udcac Feedback zum Podcast? Schreib mir an <a href=\"mailto:podcast@autopreneur.de\" rel=\"ugc noopener noreferrer\" target=\"_blank\">\u2060\u2060\u2060\u2060\u2060podcast@autopreneur.de\u2060\u2060\u2060\u2060\u2060</a><a href=\"https://www.autopreneur.de/c/philipp\" rel=\"ugc noopener noreferrer\" target=\"_blank\">\u2060\u2060\u2060\u2060\u2060\u2060\u2060\u2060\u2060</a></p>\n<p><br /></p>\n<p><a href=\"https://www.autopreneur.de/c/philipp\" rel=\"ugc noopener noreferrer\" target=\"_blank\">\u2060\u2060\u2060\u2060\u2192 Mehr \u00fcber dieses Projekt erfahren</a></p>\n<p><a href=\"https://www.linkedin.com/in/praasch/\" target=\"_blank\" rel=\"ugc noopener noreferrer\">\u2192 Philipp auf Linkedin</a></p>\n","thumbnail_width":300,"thumbnail_height":300,"thumbnail_url":"https://artwork.captivate.fm/fbe61df5-6017-4cad-bcbc-a8efe0cc8576/41979243-1729907511276-60cc05c559ec6.jpg"}

<p><strong>Was wurde aus CASE? Die Transformation verläuft anders als gedacht</strong></p>
<p>Nach acht Jahren zieht eine neue Studie Bilanz zur Connected, Autonomous, Shared, Electric Strategie. Erfahre, wie sich die vier Trends entwickelt haben und warum regionale Unterschiede die größte Herausforderung für Autobauer sind.</p>
<p>
📧 E-Mail Newsletter abonnieren: <a href="https://www.autopreneur.de/subscribe" rel="ugc noopener noreferrer" target="_blank">⁠⁠⁠⁠⁠autopreneur.de/subscribe⁠⁠⁠⁠</a></p>
<p><br /></p>
<p>⬆️ Mehr zu <a href="https://site.autopreneur.de/pro2/" rel="ugc noopener noreferrer" target="_blank">⁠⁠⁠⁠Der Autopreneur Pro⁠⁠⁠⁠</a></p>
<p><br /></p>
<p>💬 Feedback zum Podcast? Schreib mir an <a href="mailto:podcast@autopreneur.de" rel="ugc noopener noreferrer" target="_blank">⁠⁠⁠⁠⁠podcast@autopreneur.de⁠⁠⁠⁠⁠</a><a href="https://www.autopreneur.de/c/philipp" rel="ugc noopener noreferrer" target="_blank">⁠⁠⁠⁠⁠⁠⁠⁠⁠</a></p>
<p><br /></p>
<p><a href="https://www.autopreneur.de/c/philipp" rel="ugc noopener noreferrer" target="_blank">⁠⁠⁠⁠→ Mehr über dieses Projekt erfahren</a></p>
<p><a href="https://www.linkedin.com/in/praasch/" target="_blank" rel="ugc noopener noreferrer">→ Philipp auf Linkedin</a></p>
